
8
What is the thousands digit of 388033?
8
What is the ten thousands digit of 441387?
4
What is the tens digit of 539048?
4
What is the thousands digit of 98063?
8
What is the thousands digit of 1345465?
5
What is the ten thousands digit of 723033?
2
What is the units digit of 6871445?
5
What is the ten thousands digit of 285333?
8
What is the tens digit of 63720?
2
What is the thousands digit of 8316161?
6
What is the ten millions digit of 10507951?
1
What is the thousands digit of 3474532?
4
What is the ten thousands digit of 1054767?
5
What is the ten thousands digit of 403454?
0
What is the ten thousands digit of 506177?
0
What is the tens digit of 227310?
1
What is the ten millions digit of 20791394?
2
What is the units digit of 326128?
8
What is the hundred thousands digit of 615249?
6
What is the hundreds digit of 136674?
6
What is the thousands digit of 3859938?
9
What is the ten thousands digit of 926186?
2
What is the thousands digit of 1731441?
1
What is the tens digit of 511650?
5
What is the ten thousands digit of 33579905?
7
What is the hundred thousands digit of 2220549?
2
What is the hundred thousands digit of 203012?
2
What is the units digit of 31684?
4
What is the millions digit of 1331874?
1
What is the hundred thousands digit of 5270432?
2
What is the units digit of 380175?
5
What is the thousands digit of 24651541?
1
What is the hundreds digit of 521666?
6
What is the ten thousands digit of 3164809?
6
What is the hundred thousands digit of 28197029?
1
What is the tens digit of 3274870?
7
What is the hundreds digit of 22629089?
0
What is the units digit of 370005?
5
What is the thousands digit of 26490720?
0
What is the hundreds digit of 112985?
9
What is the hundred thousands digit of 153170?
1
What is the tens digit of 22467706?
0
What is the hundreds digit of 85953?
9
What is the millions digit of 2883823?
2
What is the hundreds digit of 22657?
6
What is the hundred thousands digit of 265314?
2
What is the thousands digit of 756230?
6
What is the hundred thousands digit of 285379?
2
What is the tens digit of 365505?
0
What is the hundreds digit of 144346?
3
What is the ten millions digit of 23236452?
2
What is the units digit of 69381?
1
What is the ten thousands digit of 197293?
9
What is the units digit of 24027?
7
What is the units digit of 854188?
8
What is the hundred thousands digit of 11131564?
1
What is the hundreds digit of 598346?
3
What is the units digit of 19766415?
5
What is the thousands digit of 248902?
8
What is the thousands digit of 10463199?
3
What is the millions digit of 25410321?
5
What is the hundred thousands digit of 2558281?
5
What is the thousands digit of 21762?
1
What is the hundreds digit of 41851?
8
What is the millions digit of 6951537?
6
What is the hundred thousands digit of 551204?
5
What is the thousands digit of 4808863?
8
What is the hundred thousands digit of 125329?
1
What is the tens digit of 422353?
5
What is the hundred thousands digit of 1867026?
8
What is the ten thousands digit of 49710?
4
What is the hundreds digit of 162837?
8
What is the hundred thousands digit of 1896471?
8
What is the units digit of 3678731?
1
What is the thousands digit of 1792081?
2
What is the hundred thousands digit of 304164?
3
What is the thousands digit of 1784679?
4
What is the tens digit of 3283443?
4
What is the ten thousands digit of 149288?
4
What is the hundred thousands digit of 167753?
1
What is the tens digit of 434980?
8
What is the hundred thousands digit of 325085?
3
What is the hundreds digit of 635175?
1
What is the hundred thousands digit of 31196221?
1
What is the hundreds digit of 277544?
5
What is the tens digit of 3499987?
8
What is the ten thousands digit of 4691601?
9
What is the millions digit of 1550041?
1
What is the hundred thousands digit of 1292714?
2
What is the ten millions digit of 23342315?
2
What is the ten thousands digit of 280294?
8
What is the hundred thousands digit of 609498?
6
What is the ten thousands digit of 8930780?
3
What is the thousands digit of 1393478?
3
What is the tens digit of 8995220?
2
What is the ten thousands digit of 2384712?
8
What is the ten thousands digit of 5041205?
4
What is the ten thousands digit of 186838?
8
What is the hundreds digit of 226105?
1
What is the tens digit of 122767?
6
What is the tens digit of 5557436?
3
What is the units digit of 15118177?
7
What is the units digit of 312755?
5
What is the thousands digit of 140433?
0
What is the ten millions digit of 24629331?
2
What is the tens digit of 21710749?
4
What is the ten thousands digit of 1022277?
2
What is the tens digit of 15944770?
7
What is the units digit of 814337?
7
What is the units digit of 2856630?
0
What is the hundred thousands digit of 238389?
2
What is the tens digit of 930872?
7
What is the tens digit of 85741?
4
What is the hundreds digit of 127294?
2
What is the hundreds digit of 11213074?
0
What is the millions digit of 2316191?
2
What is the tens digit of 421218?
1
What is the units digit of 3854761?
1
What is the thousands digit of 448529?
8
What is the tens digit of 101865?
6
What is the thousands digit of 1631264?
1
What is the tens digit of 365619?
1
What is the thousands digit of 354630?
4
What is the ten millions digit of 13150901?
1
What is the hundreds digit of 4518468?
4
What is the thousands digit of 195018?
5
What is the ten thousands digit of 1352000?
5
What is the thousands digit of 2002?
2
What is the tens digit of 5434395?
9
What is the hundred thousands digit of 390259?
3
What is the ten thousands digit of 570221?
7
What is the hundreds digit of 2394673?
6
What is the units digit of 707748?
8
What is the tens digit of 13683258?
5
What is the hundreds digit of 257713?
7
What is the units digit of 312665?
5
What is the units digit of 23292?
2
What is the thousands digit of 601605?
1
What is the tens digit of 110260?
6
What is the hundreds digit of 8348302?
3
What is the thousands digit of 346542?
6
What is the hundreds digit of 911935?
9
What is the millions digit of 1000102?
1
What is the thousands digit of 1257450?
7
What is the tens digit of 200235?
3
What is the hundreds digit of 2951543?
5
What is the ten thousands digit of 94642?
9
What is the hundreds digit of 303022?
0
What is the hundreds digit of 3792163?
1
What is the tens digit of 912737?
3
What is the tens digit of 442852?
5
What is the hundreds digit of 168249?
2
What is the tens digit of 3583187?
8
What is the hundred thousands digit of 218988?
2
What is the tens digit of 191824?
2
What is the ten thousands digit of 27137010?
3
What is the ten thousands digit of 13715376?
1
What is the hundreds digit of 91171?
1
What is the hundreds digit of 806319?
3
What is the units digit of 618500?
0
What is the ten thousands digit of 2418586?
1
What is the thousands digit of 69942?
9
What is the units digit of 41235?
5
What is the tens digit of 1035767?
6
What is the units digit of 326618?
8
What is the tens digit of 3714404?
0
What is the millions digit of 2375586?
2
What is the hundreds digit of 27949?
9
What is the units digit of 1512962?
2
What is the units digit of 371497?
7
What is the ten millions digit of 22468341?
2
What is the hundreds digit of 4897235?
2
What is the ten thousands digit of 567323?
6
What is the ten thousands digit of 2397910?
9
What is the units digit of 1542430?
0
What is the millions digit of 1168297?
1
What is the thousands digit of 1110174?
0
What is the units digit of 828338?
8
What is the tens digit of 24275810?
1
What is the units digit of 647298?
8
What is the units digit of 174293?
3
What is the thousands digit of 169618?
9
What is the tens digit of 8362616?
1
What is the ten millions digit of 14090503?
1
What is the units digit of 2605867?
7
What is the units digit of 3989997?
7
What is the hundreds digit of 561647?
6
What is the units digit of 46032?
2
What is the ten thousands digit of 372941?
7
What is the tens digit of 2914421?
2
What is the units digit of 7044832?
2
What is the hundred thousands digit of 983470?
9
What is the hundred thousands digit of 509206?
5
What is the units digit of 3662858?
8
What is the hundred thousands digit of 1407835?
4
What is the hundred thousands digit of 6433051?
4
What is the tens digit of 1732388?
8
Wha